s digit of z?
2
Let y(i) = 27*i + 600. Let p be y(-26). Suppose -2*l - 362 = -5*c - 135, l + 121 = 4*c. Let k = l - p. What is the units digit of k?
1
Suppose -2*n + a + 4122 = 0, 4*n + 52*a - 8254 = 49*a. What is the units digit of n?
2
Let u(w) = -1406*w**3 - 212*w**2 - 628*w + 2. What is the tens digit of u(-3)?
4
Let z(r) = 42*r**2 - 36. Let t = -365 - -370. What is the units digit of z(t)?
4
Suppose -9 = 2*m - 25. Suppose -2*a = -5*a - p + 15, 5*a - 4*p = m. Suppose -4*j = 2*k - 38, 5*k = -0*k + a*j + 109. What is the units digit of k?
1
Let n = 5967 + -3117. What is the hundreds digit of n?
8
Let x = -14943 - -15624. What is the tens digit of x?
8
Let f be (100/(-6))/((-24)/36). Let i = f - -117. What is the tens digit of i?
4
Let i be (-40)/8 + 7 - -13. Suppose -i*p + 6981 + 1149 = 0. What is the hundreds digit of p?
5
Let q = -5953 - -11536. What is the thousands digit of q?
5
Suppose -7*w + 4*a + 48233 = -6*w, -w - 3*a = -48247. What is the ten thousands digit of w?
4
Let z be 2/(-6) - (-50)/6. Suppose -j = -2*j, -5*y + j + 20 = 0. Suppose 2*s + 5*m = 184, y*m - 2*m - z = 0. What is the tens digit of s?
8
Let m = 12130 - 590. What is the hundreds digit of m?
5
Suppose 49595 = 16*w - 5430 - 42367. What is the thousands digit of w?
6
Suppose -66*u + 68*u = -4, v + 3*u - 18009 = 0. What is the ten thousands digit of v?
1
Suppose -5*v - 9198 = -6*u + 5*u, 2*v = 3*u - 27594. What is the hundreds digit of u?
1
Suppose -4*b + 24176 = -72*z + 76*z, 3*b + 5*z = 18130. What is the units digit of b?
5
Let j(d) = 5*d - 10 - 24 + d. Suppose m + 36*l - 26 = 34*l, -l + 4 = 0. What is the tens digit of j(m)?
7
Let n(w) = -27*w + 26629. What is the hundreds digit of n(0)?
6
Let o = -9 - -21. Let i be 1324/o + 1/(-3). Let p = i - 57. What is the tens digit of p?
5
Let b(o) = 858*o**2 + 2*o. Suppose 4*t = 5*r - r - 12, 4*r + t + 8 = 0. What is the hundreds digit of b(r)?
8
Let y = -362 - -835. Suppose y = 4*p - 1815. What is the units digit of p?
2
Let g be ((-222)/(-30) - 7)*1*5. Suppose g*z - 5790 = -4*z. Suppose -z = -5*y - 0*y. What is the tens digit of y?
9
Suppose -3*k - 17 = -5*d, -2*d - k = -0*k - 9. Let y(p) = -85 + d*p - 86 + 5*p**2 + 160. What is the tens digit of y(-5)?
9
Suppose -11*d - 21*d + 124864 = 0. Suppose 8*r + 5*b = 4*r + d, 3914 = 4*r - b. What is the units digit of r?
8
Suppose 12*k + 17*k - 5*k - 633192 = 0. What is the thousands digit of k?
6
What is the ten thousands digit of 13875575/705 - (-4)/(-6)?
1
What is the units digit of (-3 - 693/(-225)) + 6773/25?
1
Let o be 3/54*-4 + (-195)/(-27). What is the tens digit of -116*((-574)/8)/o?
8
Suppose -379*t + 8662856 + 7669391 = 0. What is the thousands digit of t?
3
Suppose -9*n + 14*n = 400. Let g = 84 - n. Suppose -5*l - 316 = -5*y + 2*y, -y = g*l - 111. What is the units digit of y?
7
Suppose 125*y = -43*y + 6*y + 2035692. What is the ten thousands digit of y?
1
Suppose 3784958 = -405*y + 18772200 + 2172608. What is the tens digit of y?
7
Suppose 4*u - 993 = -3*m + 3706, -u - 6278 = -4*m. Suppose -2*l + o = -1677, -m = -2*l + 5*o + 120. What is the tens digit of l?
3
Let h be (-3558)/(-2) - (-12)/4. Suppose 10*l = 16*l - h. Suppose -2*b - l = -3*w, -3*w + 495 = 2*w + 5*b. What is the units digit of w?
9
Suppose 96 = 880*n - 888*n. Let a(b) = -1 + 1 + 11 + b + 2. What is the units digit of a(n)?
1
Let n(o) = -o**3 - 11*o**2 - 5*o - 15. Let c be n(-9). Let k = c + 556. What is the hundreds digit of k?
4
Let j = -12977 - -26754. What is the units digit of j?
7
Suppose 23031 = -9*a + 137218 + 108005. What is the hundreds digit of a?
6
Suppose 0 = -2*z - 5*t + 19695, -5*z + 48300 = t - 857. What is the hundreds digit of z?
8
Let d be (-2)/7 + 6/21. Suppose d = -3*o - 15, -5*t + 0*o + 65 = 4*o. Let l = t - 14. What is the units digit of l?
3
Suppose 0*p = 3*g - 4*p + 2078, 3468 = -5*g + 2*p. Let u = 911 + g. What is the hundreds digit of u?
2
Let j = 23 - 80. Let q = -54 - j. Suppose -q*a + 3*b + 879 = 0, a - 2*b = 5*a - 1184. What is the hundreds digit of a?
2
Let k = -44465 - -80075. What is the tens digit of k?
1
Suppose 75 = 3*s + 3*j, -3*s + 3*j = 16 - 73. Suppose 0 = 2*z - 4*o - 58, 5*z - o = 43 + 129. Let u = z - s. What is the units digit of u?
3
Let n(z) = -z**3 - 45*z**2 - 129*z - 796. What is the units digit of n(-45)?
9
Let q(r) = 5*r**2 + r - 1. Let c be q(-1). Suppose c*o + 4*s = 53, o + s - 18 = -0. Let h = o - -22. What is the units digit of h?
1
Suppose -8457*i = -8470*i + 45981. What is the hundreds digit of i?
5
Suppose 11*c - 6*c = 3*f - 455, c - 2*f = -91. What is the thousands digit of 987/(-9)*26/c*33?
1
Let u be (-13 + 17)/(4/(3 - 2)). Suppose 24 = 5*m - 3*m. What is the tens digit of ((-30)/(-9) + -2)*m/u?
1
What is the units digit of (-80)/32 - (85710/4)/(-5)?
3
Suppose 2629*k - 7130 = 2624*k. Let a be (2 - 8/3)*-3. What is the tens digit of k/22 - a/(-11)?
6
Let q be 14 + -9 + 13170 + 6. Suppose 1005 - q = -16*j. What is the tens digit of j?
6
Suppose -d + 16 = 4*l - 5, 0 = -5*d + 5. Suppose -l*s - u = 922, -2*s - 5*u - 140 = 215. Let t = -131 - s. What is the units digit of t?
4
Let n = 80646 + -43265. What is the units digit of n?
1
Let q be (58/4 + -3)/(1/(-8)). Let w = 22 + q. Let m = w - -170. What is the hundreds digit of m?
1
Suppose 5*q - 145 - 125 = 0. Let m = 69 - q. Suppose 5*r - 224 = -3*d + 115, -m = -5*d. What is the units digit of r?
6
Let g be 2/(-8) - 3/(-24)*194. Let m = -20 + g. Suppose 67 = m*z - 3*u, 4*u - 18 = 2*z - 44. What is the tens digit of z?
1
Suppose -483026 = -21*g + 348742 - 81102. What is the units digit of g?
6
Suppose 31*d - 35*d = -20. Suppose 826 = s - x, -d*x + 810 = s - 2*x. What is the tens digit of s?
2
Suppose -2*d - 4*b = 10, b + 2 = 3*d - 11. What is the tens digit of 11/(-2)*-2*d?
3
Suppose o - 89 = -5*v, -v + 0 + 93 = o. Let r = 227 - o. Let h = r - 78. What is the tens digit of h?
5
Let j(m) = m**2 + m - 3. Let h be j(-3). Suppose -5*l + 2880 = h*z - 2*l, 5*l = 0. What is the units digit of z?
0
Suppose 28*z - 295336 = 20*z. What is the units digit of z?
7
Let x(j) = -155 + 234 - 152 + 51*j. What is the tens digit of x(14)?
4
Let j(i) = i + 5 + 0*i + 6 + 12. Let z be j(-19). What is the units digit of ((-168)/15)/(z/(-30))?
4
Suppose 4*k = 34 + 62. Let p be -2*((-558)/(-4))/3. What is the units digit of (0 + p)*(-8)/k?
1
Let s(k) = 21*k**2 + 49*k - 215. What is the thousands digit of s(16)?
5
Let f = -7255 + 16318. What is the thousands digit of f?
9
Let q(i) be the third derivative of -7*i**4/24 - i**3 + 2*i**2. Suppose d + 9 = -3*l, -2*l = 9*d - 5*d - 4. What is the units digit of q(l)?
2
Suppose 19*s - 16*s = v + 9562, -4*v = -2*s + 6388. What is the hundreds digit of s?
1
What is the hundreds digit of (1552/(-3))/(37/(13986/(-28)))?
9
Let x(k) = -k**2 + 0*k**3 + 0*k**3 + 0*k**3 + k**3 + 1 + k. Let n(i) = -9*i**3 + 2*i**2. Let m(p) = n(p) + 2*x(p). What is the units digit of m(-2)?
4
Let i(o) = -o**3 + 62*o**2 + 34*o + 16. What is the units digit of i(27)?
9
Suppose 0 = -2*v - 2*z + 460, 243 = v + 3*z + 7. Suppose -4032 = v*h - 245*h. What is the tens digit of h?
2
Let h = 140 - 137. Let g(r) = 3*r**2 + 20*r + 9. Let d(l) = -5*l**2 - 19*l - 8. Let k(s) = h*g(s) + 2*d(s). What is the hundreds digit of k(12)?
1
Let v = -108 - -245. Let f = 15 - v. Let p = -9 - f. What is the hundreds digit of p?
1
Suppose -362*h + 366*h - 131186 = -2*s, -5*h = 4*s - 163984. What is the ten thousands digit of h?
3
Suppose 0 = 4*k + 4, 5*k - 181 - 1090 = -t. Suppose -12*r + 9680 = -t. What is the hundreds digit of r?
9
Let p(o) = -o**2 + 11*o - 7. Let m be p(12). Let z = m + 24. Suppose n = -3*d - 1 + 14, -z*d = 3*n - 39. What is the units digit of n?
3
Let c(n) = -n**2 + 11*n. Let y be c(8). Suppose 29*m - 110 = y*m. What is the units digit of (2/(-6)*m)/(12/(-144))?
8
Suppose 0 = 3*o - 0*o, -x + o = -10259. Suppose 20*g + 1879 - x = 0. Let f = -282 + g. What is the units digit of f?
7
What is the tens digit of 10621 + ((-1 - -5) + -12)/2?
1
Let d(b) = 6*b**3 + 2*b**2 + 2*b - 2. Suppose 4*x + 16 = -3*n + 1, 3*x + 6 = 3*n. Let c be 24/24 - 1/n. What is the units digit of d(c)?
8
Let y = -87 - -507. Let z be 1320/(-66)*(24/(-10) - -2). Suppose 0 = -z*r + 180 + y. What is the units digit of r?
5
What is the thousands digit o